nd 143.
11
Let v be -2*(-1)/8 + 927/36. Calculate the greatest common divisor of v and 65.
13
Let b be 5/15 - 10/(-6). Suppose -b*d + 41 = 105. Let u = -10 - d. Calculate the highest common factor of u and 2.
2
Let y be 1/(3/111) - 0. Suppose -3*q + y = -2. Let w(p) = -28*p + 3. Let n be w(-5). Calculate the highest common divisor of q and n.
13
Let r be 1/1*55/5. Let n(j) = -j**3 - 4*j**2 - 2*j + 4. Let v be n(-5). Let i = -6 + v. What is the highest common factor of i and r?
11
Suppose -3*q = -2*q + 4. Let s be (0 - q/6)*6. Suppose 103 = s*r - 73. Calculate the highest common factor of 11 and r.
11
Let x(w) = -4*w + 1. Let i = -2 + 5. Let a be x(i). Let n = -3 - a. What is the greatest common divisor of 16 and n?
8
Suppose 0 = -5*s + s - 64. Let g = s + 20. Calculate the greatest common factor of g and 4.
4
Suppose 0 = -d + 2*f + 6, -3*d + 0*f = 3*f + 9. Suppose d*z - 32 = -2*z. Suppose z = 2*r - r. Calculate the highest common divisor of r and 80.
16
Let t be 6/9 - 14/(-6). Let q be (-1)/3 + 55/t. Calculate the greatest common factor of q and 12.
6
Let q be 6/(-8) + (-5)/(100/(-95)). What is the highest common factor of 8 and q?
4
Let f be (-1 - -3)*55/10. What is the highest common divisor of 33 and f?
11
Suppose -68 - 44 = -4*c. Suppose -w + 3*v = -15, v = w - 0*w - 13. Suppose 2*m - 4*x + c = 7*m, -w = -5*m + 4*x. What is the highest common factor of 4 and m?
4
Let p(s) = -s**2 - 9*s - 1. Let q be p(-8). Suppose -q - 23 = -3*c. What is the highest common divisor of 5 and c?
5
Let m(t) = 27*t**2 + t. Let u be m(1). Suppose -4*d + 2*o + 42 = 0, -8 - 19 = -4*d - 3*o. Let v = d - 5. Calculate the highest common divisor of u and v.
4
Suppose 5*b - 2*b - 18 = 0. Let p = 55 - 25. Calculate the highest common divisor of p and b.
6
Let f(v) = v**3 + 10*v**2 - v + 6. Let u be f(-10). Calculate the highest common factor of 24 and u.
8
Suppose -9*t = -10*t + 1. Let i be t*(1 + 3) + 35. Suppose 17 + 9 = 2*b. What is the highest common factor of b and i?
13
Let h(f) = -24*f**3 + 2*f**2 + 3*f + 1. Let c be h(-1). What is the highest common factor of 36 and c?
12
Let i = 6 + 3. Calculate the highest common divisor of i and 12.
3
Suppose -4*x + 5*x = 5. Suppose 3*f + x*s - 265 + 45 = 0, f + 2*s = 74. Suppose 3*p - 28 = -3*l + 2*l, 3*l = -6. Calculate the highest common factor of f and p.
10
Suppose -4*v = -2*v + 274. Let n = v - -206. Suppose 2*h = 4*j + 18, 6*h + 2*j - n = h. Calculate the greatest common factor of h and 65.
13
Suppose 6*i - 181 = -55. What is the greatest common divisor of 189 and i?
21
Let d(z) = -11*z. Let g be d(-2). Calculate the highest common factor of 2 and g.
2
Suppose 0 = w - 1 - 35. Calculate the greatest common divisor of w and 396.
36
Suppose 5*s + 22 = -38. Let r = 36 + s. Suppose 3*c = -x + 104, 9*x - 4*x - 160 = -5*c. What is the highest common factor of c and r?
12
Suppose 2*r + 60 = 7*r. Calculate the highest common factor of 192 and r.
12
Suppose 5*w + v - 50 = 0, 0*w + 5*v = 3*w - 2. Calculate the greatest common factor of 1 and w.
1
Let b be 1144/14 - 12/(-42). Calculate the greatest common divisor of b and 41.
41
Let i be 3/(-1) + 128/4. Let h = i - -11. What is the highest common divisor of 10 and h?
10
Suppose 3*p - 52 = -p. Suppose 0 = 5*u - p - 117. What is the highest common factor of u and 65?
13
Let s = -3 - -4. Let j(t) = 32*t**3 - t**2 + t. Let x be j(s). What is the highest common divisor of 48 and x?
16
Let t be (-52)/(2 + -4) + -3. Calculate the greatest common divisor of t and 23.
23
Suppose 3*w - w = t + 48, -2*t = 3*w - 72. Calculate the highest common factor of 8 and w.
8
Let t(r) = 11*r + 6. Let i = 15 - 9. Let n be t(i). Let x be 7 + 1/(-2)*-2. What is the greatest common factor of n and x?
8
Suppose 0 = 4*g + 2*a - 142, g + 3*a - 9 - 24 = 0. Let y be ((-16)/(-2))/(4/6). Calculate the highest common factor of y and g.
12
Let p be 12/18 - 4/(-3). Let c be (p - -10)/(4/6). Calculate the highest common factor of 90 and c.
18
Suppose 0 = 4*u + 4*v - 11 - 41, -5*u - v = -45. What is the highest common divisor of 20 and u?
4
Suppose 4*o + 4*q = 5*o - 2, 3*o + 2*q - 6 = 0. Suppose 1 = -2*s - 3*y - o, 2*s + 5*y + 13 = 0. What is the highest common factor of 2 and s?
2
Suppose 0 - 6 = -6*z. Calculate the highest common factor of z and 2.
1
Let g be (-1 - 7)*(-2)/1. Let s = -11 + 13. Let h be 2/(s - 0) - -79. Calculate the greatest common factor of h and g.
16
Let l(r) = r + 62. Let a be l(0). Let v be 1/4 - a/(-8). What is the highest common divisor of v and 24?
8
Let c = 12 + -19. Let k(q) = 6*q**2 + 2*q - 5. Let j be k(c). Calculate the greatest common factor of j and 25.
25
Let j(p) = -p. Let s be j(-2). Suppose 0 = -s*w + 3*w - 3. Suppose 0 = w*i - i - 20. What is the highest common factor of 5 and i?
5
Let q be (9 + 0 + 2)/1. What is the highest common factor of 55 and q?
11
Suppose -3*g - 76 = -2*j, 0*g = -g + 3*j - 23. Let h = g - -18. Let y = 3 - h. What is the highest common factor of 88 and y?
11
Let c(p) = 5*p + 3. Let a be c(7). What is the highest common factor of 266 and a?
38
Let a = -13 + 16. Suppose 3*r + 4*z = 2*z + 14, 17 = a*r + 5*z. Calculate the greatest common factor of 36 and r.
4
Suppose -2*g + 162 = 4*n, n - 124 = -2*n - 4*g. What is the highest common divisor of 100 and n?
20
Let k(y) be the first derivative of y**2/2 + 6*y - 1. Let x be k(8). Let d be 573/27 + 4/(-18). What is the highest common factor of x and d?
7
Let c be 8 - (-1)/((-3)/(-6)). Let t be 82/6*(6 - -3). Let f = -33 + t. What is the highest common divisor of f and c?
10
Suppose 2*r = 5*t - 70, r = 4*t - 36 - 20. Suppose z = t - 0. Let i = -36 + 134. What is the highest common factor of i and z?
14
Let o(r) = 5*r**2 - 5*r + 2. Let j be o(3). Calculate the highest common factor of 4 and j.
4
Let p be (3 - (-10)/(-3))*3 + 45. Calculate the highest common factor of p and 4.
4
Let g(k) = k**3 - 2*k**2 - 2. Let z be g(3). What is the highest common factor of 28 and z?
7
Let n be (2 + -17)*(-1)/1. Let d(i) = 2*i + 19. Let m be d(-8). Calculate the greatest common divisor of n and m.
3
Suppose 2*m = m + 76. Suppose 0 = 5*c - 2*c. Suppose 4*v + 4*w - m = v, 4*v - 2*w - 116 = c. Calculate the greatest common factor of 4 and v.
4
Let a be (-2)/(-4) + (-18)/4. Let u(p) = 6*p + 2. Let n(y) = -y. Let r(w) = 10*n(w) + u(w). Let m be r(a). What is the highest common divisor of m and 27?
9
Let a be 21*1*(-24)/(-28). Let k(l) = 6*l + 72. Let t be k(0). What is the highest common factor of a and t?
18
Let j(k) = -14*k + 8 - 8. Let x be j(-1). What is the highest common factor of x and 28?
14
Let u(z) = 8*z**3 + z**2 + z. Suppose 3*b - s = s, -11 = 4*b + s. Let g be u(b). Let m be g/(-12) + 1/(-6). What is the highest common factor of m and 55?
5
Let l be (1/(-1) - -26) + 1. Suppose g = -g + l. Let s be (13/4)/(2/8). What is the highest common factor of s and g?
13
Let i(h) = h - 2. Let g be i(5). Let q be ((-1)/g)/((-2)/18). Suppose 2*w - 1 = -q*r - 0, -4*w = -4*r - 12. What is the greatest common factor of w and 8?
2
Suppose 4*z - 9 = q, -4*z + 4 = 3*q - 1. Let a be 0/z - (-10 + -1). What is the greatest common factor of a and 44?
11
Let i be 124/7 - (-62)/217. Let j be 2/(-6) + (-55)/(-3). Calculate the highest common factor of j and i.
18
Suppose -2*z + 4*z - 6 = 0, -3*z - 131 = -2*g. Let i be (6/(-9))/(4/(-168)). What is the greatest common factor of i and g?
14
Let d = 3 - 0. Let w be 10*(6/4 - 1). Let p be (-4)/w*(-60)/8. Calculate the greatest common divisor of p and d.
3
Suppose j + 2*t = -t + 55, -t = -j + 35. What is the highest common divisor of j and 8?
8
Let m be 5/(-20)*6*-2. Calculate the greatest common divisor of m and 3.
3
Let s be (-7)/(-1) + (-10 - -10). Let x be 104/5 + 1/5. Calculate the greatest common factor of s and x.
7
Let x = 282 + -177. Suppose 0 = -2*v - 3*v. Let j be 0 - ((v - -2) + -44). Calculate the highest common factor of x and j.
21
Let r be ((-70)/30)/((-2)/54). Calculate the greatest common factor of r and 28.
7
Let i(j) = 6*j**3 + 2*j**2 - 2*j - 2. Let z be i(2). Suppose 3*p = 7*p + 4, -5*v + z = 5*p. Calculate the greatest common factor of 121 and v.
11
Let d = 196 + -130. Calculate the greatest common factor of d and 6.
6
Let b = 13 - 5. Suppose w + 52 = 3*d - 43, -2*d + 69 = 5*w. What